{"id":172,"date":"2024-10-22T09:33:19","date_gmt":"2024-10-22T06:33:19","guid":{"rendered":"https:\/\/hansarotary.ee\/uusleht\/?page_id=172"},"modified":"2025-01-28T16:47:58","modified_gmt":"2025-01-28T14:47:58","slug":"kontakt","status":"publish","type":"page","link":"https:\/\/hansarotary.ee\/uusleht\/kontakt\/","title":{"rendered":"Kontakt"},"content":{"rendered":"\t\t<div data-elementor-type=\"wp-page\" data-elementor-id=\"172\" class=\"elementor elementor-172\" data-elementor-post-type=\"page\">\n\t\t\t\t<div class=\"elementor-element elementor-element-7dfea10 e-flex e-con-boxed e-con e-parent\" data-id=\"7dfea10\" data-element_type=\"container\" data-e-type=\"container\">\n\t\t\t\t\t<div class=\"e-con-inner\">\n\t\t\t\t<div class=\"elementor-element elementor-element-ca76ae5 elementor-widget elementor-widget-heading\" data-id=\"ca76ae5\" data-element_type=\"widget\" data-e-type=\"widget\" data-widget_type=\"heading.default\">\n\t\t\t\t<div class=\"elementor-widget-container\">\n\t\t\t\t\t<h1 class=\"elementor-heading-title elementor-size-default\">Kontakt<\/h1>\t\t\t\t<\/div>\n\t\t\t\t<\/div>\n\t\t\t\t\t<\/div>\n\t\t\t\t<\/div>\n\t\t<div class=\"elementor-element elementor-element-8b3da5b e-flex e-con-boxed e-con e-parent\" data-id=\"8b3da5b\" data-element_type=\"container\" data-e-type=\"container\">\n\t\t\t\t\t<div class=\"e-con-inner\">\n\t\t<div class=\"elementor-element elementor-element-9d1325a e-grid e-con-boxed e-con e-child\" data-id=\"9d1325a\" data-element_type=\"container\" data-e-type=\"container\">\n\t\t\t\t\t<div class=\"e-con-inner\">\n\t\t\t\t<div class=\"elementor-element elementor-element-4e624f2 elementor-widget elementor-widget-text-editor\" data-id=\"4e624f2\" data-element_type=\"widget\" data-e-type=\"widget\" data-widget_type=\"text-editor.default\">\n\t\t\t\t<div class=\"elementor-widget-container\">\n\t\t\t\t\t\t\t\t\t<h2>Tartu Hansa Rotary klubi MT\u00dc<\/h2><p>Kogunemine ja \u00fchine \u00f5htus\u00f6\u00f6k <strong>esmasp\u00e4eviti: 17.00 \u2013 18.30<\/strong><br \/><strong>restoranis Kampus, II korruse Klaassaalis<\/strong>, R\u00fc\u00fctli 7, 51007 Tartu Telefon <a href=\"tel:+3725297567\" target=\"_blank\" rel=\"noopener\">+372 529 7567<\/a><\/p><p>E-posti aadress:\u00a0<a href=\"mailto:info@hansarotary.ee\" target=\"_blank\" rel=\"noopener noreferrer\"><strong>info@hansarotary.ee<\/strong><\/a><\/p><p><a href=\"https:\/\/www.facebook.com\/tartuhansarotaryklubi\" target=\"_blank\" rel=\"noopener\">Klubi Facebook<\/a><\/p>\t\t\t\t\t\t\t\t<\/div>\n\t\t\t\t<\/div>\n\t\t\t\t<div class=\"elementor-element elementor-element-d0432d7 elementor-widget elementor-widget-text-editor\" data-id=\"d0432d7\" data-element_type=\"widget\" data-e-type=\"widget\" data-widget_type=\"text-editor.default\">\n\t\t\t\t<div class=\"elementor-widget-container\">\n\t\t\t\t\t\t\t\t\t<h2>Juhatus<\/h2><ul><li>Ene Tannberg \u2013\u00a0 klubi president 2024 \u2013 2025\u00a0<\/li><li>Hille R\u00e4tsep \u2013\u00a0 president elect 2025 \u2013 2026<\/li><li>Tiina Grauberg \u2013 president 2023 \u2013 2024<\/li><li>\u00a0Piret Parvelo-Pettai \u2013 1. sekret\u00e4r\u00a0<\/li><li>Meili L\u00e4\u00e4nemets\u00a0\u2013\u00a0 2. sekret\u00e4r\u00a0<\/li><li>Pille Ts\u00e4kko \u2013 klubimeister\u00a0<\/li><li>Ellen Tohvri \u2013 varahoidja\u00a0<\/li><li>Ene Tigas \u2013 koduleht ja meedia\u00a0<\/li><\/ul><p>Kirjuta meile:\u00a0<a href=\"mailto:juhatus@hansarotary.ee\" target=\"_blank\" rel=\"noopener\">juhatus@hansarotary.ee<\/a><\/p>\t\t\t\t\t\t\t\t<\/div>\n\t\t\t\t<\/div>\n\t\t\t\t\t<\/div>\n\t\t\t\t<\/div>\n\t\t\t\t\t<\/div>\n\t\t\t\t<\/div>\n\t\t<div class=\"elementor-element elementor-element-f1b5e9e e-flex e-con-boxed e-con e-parent\" data-id=\"f1b5e9e\" data-element_type=\"container\" data-e-type=\"container\">\n\t\t\t\t\t<div class=\"e-con-inner\">\n\t\t\t\t<div class=\"elementor-element elementor-element-1f5bd84 elementor-widget elementor-widget-image\" data-id=\"1f5bd84\" data-element_type=\"widget\" data-e-type=\"widget\" data-widget_type=\"image.default\">\n\t\t\t\t<div class=\"elementor-widget-container\">\n\t\t\t\t\t\t\t\t\t\t\t\t\t\t\t\t<a href=\"https:\/\/hansarotary.ee\/uusleht\/wp-content\/uploads\/2025\/01\/THRK-struktuur-2024-2025.png\" data-elementor-open-lightbox=\"yes\" data-elementor-lightbox-title=\"THRK-struktuur-2024-2025\" data-e-action-hash=\"#elementor-action%3Aaction%3Dlightbox%26settings%3DeyJpZCI6NjA0LCJ1cmwiOiJodHRwczpcL1wvaGFuc2Fyb3RhcnkuZWVcL3V1c2xlaHRcL3dwLWNvbnRlbnRcL3VwbG9hZHNcLzIwMjVcLzAxXC9USFJLLXN0cnVrdHV1ci0yMDI0LTIwMjUucG5nIn0%3D\">\n\t\t\t\t\t\t\t<img fetchpriority=\"high\" decoding=\"async\" width=\"800\" height=\"553\" src=\"https:\/\/hansarotary.ee\/uusleht\/wp-content\/uploads\/2025\/01\/THRK-struktuur-2024-2025-1024x708.png\" class=\"attachment-large size-large wp-image-604\" alt=\"\" srcset=\"https:\/\/hansarotary.ee\/uusleht\/wp-content\/uploads\/2025\/01\/THRK-struktuur-2024-2025-1024x708.png 1024w, https:\/\/hansarotary.ee\/uusleht\/wp-content\/uploads\/2025\/01\/THRK-struktuur-2024-2025-300x208.png 300w, https:\/\/hansarotary.ee\/uusleht\/wp-content\/uploads\/2025\/01\/THRK-struktuur-2024-2025-768x531.png 768w, https:\/\/hansarotary.ee\/uusleht\/wp-content\/uploads\/2025\/01\/THRK-struktuur-2024-2025-1536x1063.png 1536w, https:\/\/hansarotary.ee\/uusleht\/wp-content\/uploads\/2025\/01\/THRK-struktuur-2024-2025-2048x1417.png 2048w\" sizes=\"(max-width: 800px) 100vw, 800px\" \/>\t\t\t\t\t\t\t\t<\/a>\n\t\t\t\t\t\t\t\t\t\t\t\t\t\t\t<\/div>\n\t\t\t\t<\/div>\n\t\t\t\t\t<\/div>\n\t\t\t\t<\/div>\n\t\t\t\t<\/div>\n\t\t","protected":false},"excerpt":{"rendered":"<p>Tartu Hansa Rotary klubi MT\u00dc Kogunemine ja \u00fchine \u00f5htus\u00f6\u00f6k esmasp\u00e4eviti: 17.00 \u2013 18.30restoranis Kampus, II korruse Klaassaalis, R\u00fc\u00fctli 7, 51007 Tartu Telefon +372 529 7567 E-posti aadress:\u00a0info@hansarotary.ee Klubi Facebook Juhatus Ene Tannberg \u2013\u00a0 klubi president 2024 \u2013 2025\u00a0 Hille R\u00e4tsep \u2013\u00a0 president elect 2025 \u2013 2026 Tiina Grauberg \u2013 president 2023 \u2013 2024 \u00a0Piret Parvelo-Pettai [&hellip;]<\/p>\n","protected":false},"author":1,"featured_media":0,"parent":0,"menu_order":0,"comment_status":"closed","ping_status":"closed","template":"","meta":{"footnotes":""},"class_list":["post-172","page","type-page","status-publish","hentry"],"_links":{"self":[{"href":"https:\/\/hansarotary.ee\/uusleht\/wp-json\/wp\/v2\/pages\/172","targetHints":{"allow":["GET"]}}],"collection":[{"href":"https:\/\/hansarotary.ee\/uusleht\/wp-json\/wp\/v2\/pages"}],"about":[{"href":"https:\/\/hansarotary.ee\/uusleht\/wp-json\/wp\/v2\/types\/page"}],"author":[{"embeddable":true,"href":"https:\/\/hansarotary.ee\/uusleht\/wp-json\/wp\/v2\/users\/1"}],"replies":[{"embeddable":true,"href":"https:\/\/hansarotary.ee\/uusleht\/wp-json\/wp\/v2\/comments?post=172"}],"version-history":[{"count":60,"href":"https:\/\/hansarotary.ee\/uusleht\/wp-json\/wp\/v2\/pages\/172\/revisions"}],"predecessor-version":[{"id":2614,"href":"https:\/\/hansarotary.ee\/uusleht\/wp-json\/wp\/v2\/pages\/172\/revisions\/2614"}],"wp:attachment":[{"href":"https:\/\/hansarotary.ee\/uusleht\/wp-json\/wp\/v2\/media?parent=172"}],"curies":[{"name":"wp","href":"https:\/\/api.w.org\/{rel}","templated":true}]}}