{"id":233,"date":"2024-10-22T10:10:08","date_gmt":"2024-10-22T07:10:08","guid":{"rendered":"https:\/\/hansarotary.ee\/uusleht\/?page_id=233"},"modified":"2024-10-22T10:18:06","modified_gmt":"2024-10-22T07:18:06","slug":"rotaryst","status":"publish","type":"page","link":"https:\/\/hansarotary.ee\/uusleht\/rotaryst\/","title":{"rendered":"Rotary&#8217;st"},"content":{"rendered":"\t\t<div data-elementor-type=\"wp-page\" data-elementor-id=\"233\" class=\"elementor elementor-233\" data-elementor-post-type=\"page\">\n\t\t\t\t<div class=\"elementor-element elementor-element-73a7cb5f e-flex e-con-boxed e-con e-parent\" data-id=\"73a7cb5f\" data-element_type=\"container\" data-e-type=\"container\">\n\t\t\t\t\t<div class=\"e-con-inner\">\n\t\t\t\t<div class=\"elementor-element elementor-element-1c5ca68 elementor-widget elementor-widget-heading\" data-id=\"1c5ca68\" data-element_type=\"widget\" data-e-type=\"widget\" data-widget_type=\"heading.default\">\n\t\t\t\t<div class=\"elementor-widget-container\">\n\t\t\t\t\t<h1 class=\"elementor-heading-title elementor-size-default\">Rotary&#8217;st<\/h1>\t\t\t\t<\/div>\n\t\t\t\t<\/div>\n\t\t\t\t\t<\/div>\n\t\t\t\t<\/div>\n\t\t<div class=\"elementor-element elementor-element-60b6c4a5 e-grid e-con-boxed e-con e-parent\" data-id=\"60b6c4a5\" data-element_type=\"container\" data-e-type=\"container\">\n\t\t\t\t\t<div class=\"e-con-inner\">\n\t\t\t\t<div class=\"elementor-element elementor-element-2f4358c elementor-widget elementor-widget-text-editor\" data-id=\"2f4358c\" data-element_type=\"widget\" data-e-type=\"widget\" data-widget_type=\"text-editor.default\">\n\t\t\t\t<div class=\"elementor-widget-container\">\n\t\t\t\t\t\t\t\t\t<h2>Kasulikud lingid:<\/h2><ul><li><strong><a href=\"https:\/\/www.rotary.org\/\" target=\"_blank\" rel=\"noopener\">Rotary International<\/a><\/strong><\/li><li><strong><a href=\"http:\/\/www.rotary.ee\/\" target=\"_blank\" rel=\"noopener\">Eesti Rotariaanide infopunkt<\/a><\/strong><\/li><li><a href=\"http:\/\/ronoova.ee\/\" target=\"_blank\" rel=\"noopener\"><strong>Eesti Rotary Noorsoovahetus<\/strong><\/a><\/li><li><a href=\"http:\/\/hansarotary.ee\/wp-content\/uploads\/2016\/10\/THRK-EESKIRI-2015-V2-02-M%C3%84RTS-2015.pdf\" target=\"_blank\" rel=\"noopener\"><strong>Tartu Hansa Rotary Klubi eeskiri<\/strong><\/a><\/li><\/ul>\t\t\t\t\t\t\t\t<\/div>\n\t\t\t\t<\/div>\n\t\t\t\t<div class=\"elementor-element elementor-element-e023162 elementor-widget elementor-widget-image\" data-id=\"e023162\" data-element_type=\"widget\" data-e-type=\"widget\" data-widget_type=\"image.default\">\n\t\t\t\t<div class=\"elementor-widget-container\">\n\t\t\t\t\t\t\t\t\t\t\t\t\t\t\t<img fetchpriority=\"high\" decoding=\"async\" width=\"300\" height=\"300\" src=\"https:\/\/hansarotary.ee\/uusleht\/wp-content\/uploads\/2024\/10\/RotaryMoE_RGB-300x300-1.png\" class=\"attachment-medium size-medium wp-image-238\" alt=\"\" srcset=\"https:\/\/hansarotary.ee\/uusleht\/wp-content\/uploads\/2024\/10\/RotaryMoE_RGB-300x300-1.png 300w, https:\/\/hansarotary.ee\/uusleht\/wp-content\/uploads\/2024\/10\/RotaryMoE_RGB-300x300-1-150x150.png 150w\" sizes=\"(max-width: 300px) 100vw, 300px\" \/>\t\t\t\t\t\t\t\t\t\t\t\t\t\t\t<\/div>\n\t\t\t\t<\/div>\n\t\t\t\t\t<\/div>\n\t\t\t\t<\/div>\n\t\t<div class=\"elementor-element elementor-element-d659774 e-flex e-con-boxed e-con e-parent\" data-id=\"d659774\" data-element_type=\"container\" data-e-type=\"container\">\n\t\t\t\t\t<div class=\"e-con-inner\">\n\t\t\t\t<div class=\"elementor-element elementor-element-6f1c830 elementor-widget elementor-widget-text-editor\" data-id=\"6f1c830\" data-element_type=\"widget\" data-e-type=\"widget\" data-widget_type=\"text-editor.default\">\n\t\t\t\t<div class=\"elementor-widget-container\">\n\t\t\t\t\t\t\t\t\t<h2>Rotary ajalugu<\/h2><p><strong>ELAS KORD NELI MEEST \u2026<br \/><\/strong>Advokaat Paul P.Harrise (s\u00fcnd. 19.04.1868) kutsel kogunesid 23.veebruaril 1905.aastal neli meest \u00fchte Unity Building`u (praegu 127 North Deaborn Building) b\u00fcroosse Chicagos, Illinoisi osariigis USA-s. Kohal olid s\u00f6ekaupmees Silvester Schiele, kaevandusinsener Gustavus E. Loehr, r\u00e4tsepat\u00f6\u00f6koja omanik Hiram E. Shorey ja tollal 37-aastane Paul Harris. Mehed otsustasid luua klubi, mis p\u00f5hineks ideel, mille \u00fcle Harris oli juurelnud viimasel viiel aastal. See k\u00f5las: \u00e4rimehed v\u00f5iksid olla ja peaksid olema omavahel s\u00f5brad.<br \/>Klubi asutati Schiele b\u00fcroos peetud koosolekul, kus Schiele ise valiti presidendiks. Paul Harris keeldus vastu v\u00f5tmast \u00fchtegi ametit uues klubis ja temast ei saanud klubi presidenti enne kui kahe aasta p\u00e4rast. On t\u00e4helepanuv\u00e4\u00e4rne, et k\u00f5ik selle klubi asutajaliikmed tundsid end \u00fcpris v\u00f5\u00f5rastena suures linnas. Nad olid tulnud Chicagosse v\u00e4iksematest piirkondadest, et tegeleda \u00e4riga ja ilmselt tundsid vajadust heade s\u00f5prade j\u00e4rele, kes asendaksid neid s\u00f5prussidemeid, mis katkesid varasemast elukohast \u00e4rakolimise t\u00f5ttu. Esimese rotary-klubi eesm\u00e4rgiks oli s\u00f5pruse, vendluse ja omavahelise abistamise edendamine.<\/p><p><strong>ROTARY NIMI<br \/><\/strong>\u00dchel esimestest koosolekutest tehti rohkesti ettepanekuid uue \u00fchenduse nime kohta. Vastu v\u00f5eti Paul Harrise poolt pakutud \u201cRotary\u201d, mis p\u00f5hines alguses kasutusele v\u00f5etud moodusele koguneda kordam\u00f6\u00f6da iga klubiliikme t\u00f6\u00f6kohas.<br \/>Uue klubi liikmeskond kasvas kiiresti. Kogunemine liikmete t\u00f6\u00f6kohtades muutus ebamugavaks, mist\u00f5ttu klubi hakkas pidama oma koosolekuid \u00fchendatult l\u00f5unas\u00f6\u00f6kidega. Hiljem muutusid koosolekud igan\u00e4dalasteks l\u00f5unateks.<\/p><p><strong>M\u00d5TTE LAIENEMISEST<\/strong><br \/>Paul Harriselt on tihti k\u00fcsitud, kas ta kujutles rotary-liikumisele alust pannes, et see muutub \u00fclemaailmseks. 1947. aastal \u00fctles Paul Harris selle kohta (Walter Erko Rotary k\u00e4siraamatu j\u00e4rgi) j\u00e4rgmiselt:<br \/>\u201cKui mees istutab kevadel \u00f5rna puutaime, ei v\u00f5i ta olla kindel, et sellest kasvab uhke puu. Ta v\u00f5ib ainult soovida talle kosutavat vihma ja mahedat p\u00e4ikesepaiste ja saatuse s\u00f5bralikku naeratust. Kui ta m\u00e4rkab esimesi pungi, tohib ta hakata unistama puu lopsakast varjust.<br \/>Rotary algus ei olnud kuigiv\u00f5rd t\u00e4helepanuv\u00e4\u00e4rne. Noored \u00e4rimehed, kes olid enamasti p\u00e4rit maalt, tulid minu kutsel kokku. Linnaeluga kohanematud, kogunesime aitamaks \u00fcksteist ja pakkumaks vastastikku oma s\u00f5prust. Olime olnud \u00fcksildased ja leidsime rohu \u00fcksinduse vastu\u201d.<\/p><p><strong>LEVIMINE \u00dcLE KOGU MAAILMA<br \/><\/strong>1905\u00a0Paul Harris asutas esimese klubi Chicagos<br \/>1910\u00a0Esimene konvent Chicagos<br \/>Klubisid oli 16 ja liikmeid kokku 1500<br \/>1911\u00a0Asutati esimene klubi Londonis, rotary-liikumine oli \u00fcletanud Atlandi ookeani<br \/>Asutati ajakiri \u201cThe Rotarian\u201d<br \/>1912\u00a0Asutati rotary-klubide rahvusvaheline \u00fchendus.<br \/>Paul Harris sai aunimetuse President Emeritus, kui ta t\u00f5mbus tagasi aktiivsest tegevusest seoses abiellumisega 1910. aastal<br \/>1920\u00a0Madridis asutati mandri-Euroopa esimene klubi<br \/>1925\u00a0Loodi Rotary Internationali b\u00fcroo Z\u00fcrichis<br \/>1926\u00a0Asutati esimesed rotary-klubid Rootsis ja Soomes<br \/>Paul Harris tegutses rotary-liikumise hea tahte saadikuna mitmel pool maailmas<br \/>1929\u00a0K\u00e4ivitus rahvusvaheline noorsoovahetus<br \/>1929\u00a0Eesti rotary-kaardile<br \/>Eesti astus rotary-maailma 1920.aastate l\u00f5pus, kui asutati Tallinna Rotary Klubi. Ametlik asutamisp\u00e4ev oli 13.detsember 1929.a.<br \/>1932\u00a0Paul Harris k\u00e4is Helsingis ja Tallinnas ja istutas \u201cs\u00f5pruse puu\u201d (kase) Helsingi Kaivopuistosse<br \/>1933\u00a0Herbert J. Taylor Chicagost l\u00f5i \u201cNelja k\u00fcsimuse testi\u201d nime all tuntud l\u00fchikese eetilise reeglistiku<br \/>1947\u00a0Paul Harris suri Chicagos<\/p><p>*K\u00e4esoleva lehek\u00fclje materjalid p\u00e4rinevad raamatust \u201cRotary p\u00f5hit\u00f5ed\u201d (Tallinn, 1996) \/Anne H\u00fctt`i t\u00f5lge raamatust \u201cYdintietoa Rotarysta 1993\u201d Aarno Palmi paranduste ja t\u00e4iendustega\/.<\/p>\t\t\t\t\t\t\t\t<\/div>\n\t\t\t\t<\/div>\n\t\t\t\t\t<\/div>\n\t\t\t\t<\/div>\n\t\t<div class=\"elementor-element elementor-element-2f45723 e-flex e-con-boxed e-con e-parent\" data-id=\"2f45723\" data-element_type=\"container\" data-e-type=\"container\">\n\t\t\t\t\t<div class=\"e-con-inner\">\n\t\t\t\t<div class=\"elementor-element elementor-element-f6713dd elementor-widget elementor-widget-video\" data-id=\"f6713dd\" data-element_type=\"widget\" data-e-type=\"widget\" data-settings=\"{&quot;youtube_url&quot;:&quot;https:\\\/\\\/www.youtube.com\\\/watch?v=E59RvrDVdT8&quot;,&quot;video_type&quot;:&quot;youtube&quot;,&quot;controls&quot;:&quot;yes&quot;}\" data-widget_type=\"video.default\">\n\t\t\t\t<div class=\"elementor-widget-container\">\n\t\t\t\t\t\t\t<div class=\"elementor-wrapper elementor-open-inline\">\n\t\t\t<div class=\"elementor-video\"><\/div>\t\t<\/div>\n\t\t\t\t\t\t<\/div>\n\t\t\t\t<\/div>\n\t\t\t\t\t<\/div>\n\t\t\t\t<\/div>\n\t\t\t\t<\/div>\n\t\t","protected":false},"excerpt":{"rendered":"<p>Kasulikud lingid: Rotary International Eesti Rotariaanide infopunkt Eesti Rotary Noorsoovahetus Tartu Hansa Rotary Klubi eeskiri Rotary ajalugu ELAS KORD NELI MEEST \u2026Advokaat Paul P.Harrise (s\u00fcnd. 19.04.1868) kutsel kogunesid 23.veebruaril 1905.aastal neli meest \u00fchte Unity Building`u (praegu 127 North Deaborn Building) b\u00fcroosse Chicagos, Illinoisi osariigis USA-s. Kohal olid s\u00f6ekaupmees Silvester Schiele, kaevandusinsener Gustavus E. Loehr, r\u00e4tsepat\u00f6\u00f6koja [&hellip;]<\/p>\n","protected":false},"author":1,"featured_media":0,"parent":0,"menu_order":0,"comment_status":"closed","ping_status":"closed","template":"","meta":{"footnotes":""},"class_list":["post-233","page","type-page","status-publish","hentry"],"_links":{"self":[{"href":"https:\/\/hansarotary.ee\/uusleht\/wp-json\/wp\/v2\/pages\/233","targetHints":{"allow":["GET"]}}],"collection":[{"href":"https:\/\/hansarotary.ee\/uusleht\/wp-json\/wp\/v2\/pages"}],"about":[{"href":"https:\/\/hansarotary.ee\/uusleht\/wp-json\/wp\/v2\/types\/page"}],"author":[{"embeddable":true,"href":"https:\/\/hansarotary.ee\/uusleht\/wp-json\/wp\/v2\/users\/1"}],"replies":[{"embeddable":true,"href":"https:\/\/hansarotary.ee\/uusleht\/wp-json\/wp\/v2\/comments?post=233"}],"version-history":[{"count":24,"href":"https:\/\/hansarotary.ee\/uusleht\/wp-json\/wp\/v2\/pages\/233\/revisions"}],"predecessor-version":[{"id":259,"href":"https:\/\/hansarotary.ee\/uusleht\/wp-json\/wp\/v2\/pages\/233\/revisions\/259"}],"wp:attachment":[{"href":"https:\/\/hansarotary.ee\/uusleht\/wp-json\/wp\/v2\/media?parent=233"}],"curies":[{"name":"wp","href":"https:\/\/api.w.org\/{rel}","templated":true}]}}