{"id":302,"date":"2024-10-22T17:29:25","date_gmt":"2024-10-22T14:29:25","guid":{"rendered":"https:\/\/hansarotary.ee\/uusleht\/?page_id=302"},"modified":"2024-10-22T17:30:05","modified_gmt":"2024-10-22T14:30:05","slug":"annetajad-fundraising","status":"publish","type":"page","link":"https:\/\/hansarotary.ee\/uusleht\/annetajad-fundraising\/","title":{"rendered":"Annetajad \/ Fundraising"},"content":{"rendered":"\t\t<div data-elementor-type=\"wp-page\" data-elementor-id=\"302\" class=\"elementor elementor-302\" data-elementor-post-type=\"page\">\n\t\t\t\t<div class=\"elementor-element elementor-element-76db056d e-flex e-con-boxed e-con e-parent\" data-id=\"76db056d\" data-element_type=\"container\" data-e-type=\"container\">\n\t\t\t\t\t<div class=\"e-con-inner\">\n\t\t\t\t<div class=\"elementor-element elementor-element-3d8cf436 elementor-widget elementor-widget-heading\" data-id=\"3d8cf436\" data-element_type=\"widget\" data-e-type=\"widget\" data-widget_type=\"heading.default\">\n\t\t\t\t<div class=\"elementor-widget-container\">\n\t\t\t\t\t<h1 class=\"elementor-heading-title elementor-size-default\">Annetajad \/ Fundraising<\/h1>\t\t\t\t<\/div>\n\t\t\t\t<\/div>\n\t\t\t\t\t<\/div>\n\t\t\t\t<\/div>\n\t\t<div class=\"elementor-element elementor-element-4723dc4a e-flex e-con-boxed e-con e-parent\" data-id=\"4723dc4a\" data-element_type=\"container\" data-e-type=\"container\">\n\t\t\t\t\t<div class=\"e-con-inner\">\n\t\t\t\t<div class=\"elementor-element elementor-element-c045a3d elementor-widget elementor-widget-text-editor\" data-id=\"c045a3d\" data-element_type=\"widget\" data-e-type=\"widget\" data-widget_type=\"text-editor.default\">\n\t\t\t\t<div class=\"elementor-widget-container\">\n\t\t\t\t\t\t\t\t\t<p><strong>Heategevuskontsert 2022<\/strong>\u00a0Esines Puuluup, ansambli lauljad Ramo Teder ja Marko Veisson. Kontsert toimus Eesti Rahva Muuseumis 15.01.2022.<\/p><p><strong>Heategevuskontsert 2020\u00a0<\/strong>Esines Trio Trifecta koosseisus klassikat\u00e4hed 2018 Tanel-Eiko Novikov (marimba), Ingely Laiv-J\u00e4rvi (oboe), Johannes P\u00f5lda (viiul). Kontsert toimus Tartu Pauluse kirikus 22.02.2020.<\/p><p><strong>Heategevus\u00f5htu 2018<\/strong>\u00a0\u201eEesti Vabariigi 100 kaunimat kevadet\u201c koos Kaunimate aastate vennaskonnaga ja Andres Dvinjaninovi juhtimisel 23.03.2018 algusega kell 19 Karlova Teatris.<\/p><p><strong>Heategevuskontsert 2016 \u00a0\u00a0<\/strong>The ILVES Sisters koosseisus Silvia Ilves t\u0161ello, Liidia Ilves klaver, Aleksandra Ilves viiul, Damaris Ilves laul, Gloria Ilves viiul. Kontsert toimus Tartu Pauluse kirikus 12.11.2016.<\/p><p><strong>Heategevus\u00f5htu 2016\u00a0<\/strong>Viru varietee programm koos\u00a0\u00f5htus\u00f6\u00f6giga. Kaasa tegi ansambel Gourmet Trio, teatrimeeste kabaree koosseisus Rene Soom (RO), Urmas P\u00f5ldma ja Hain H\u00f5lpus. \u00a0\u00d5htut juhtis kupletist Peeter Kaljum\u00e4e. Heategevus\u00f5htu toimus 11.03.2016\u00a0Vanemuise kontserdimajas.<\/p><p><strong>Heategevuskontsert 2014<\/strong>\u00a0\u2013 ansambel Curly Stings koosseisus Eeva Talsi, Villu Talsi, Jalmar Vabarna ja Taavet Niiler. Kontsert toimus Vanemuise Kontserdimajas 11.12.2014.<\/p><p><strong>Heategevuskontsert 2013<\/strong>\u2013 Urmas Alendrile p\u00fchendatud. Esinesid Margus Vaher, Siiri Sisask, Sandra Nurmsalu, Taavi Peterson, Laura Danilas, Tajo Kadajas, \u00dclenurme muusikakooli laulustuudio koor. Kontsert toimus Peetri kirikus 22.11.2013.<\/p><p><strong>Heategevuskontsert 2013<\/strong>\u00a0\u2013\u00a0\u00a0 heategevuskontserdil \u201eKingitus s\u00f5brale\u201c esinesid\u00a0Ott Lepland, ansambel Gjangsta (Villu Talsi, Jalmar Vabarna, Jaan Jaago, Taavet\u00a0Niller), Eeva Talsi, Ivo Linna, Antti Kammiste, Kihnu Virve pereansambel, Laura Danilas ja\u00a0 Tartu Hansa Segakoor Eva Kamsi dirigeerimisel. Heategevuskontsert Peetri kirikus, s\u00f5brap\u00e4eval, 14.02.2013.<\/p><p><strong>Heategevuskontsert 2012<\/strong>\u00a0\u2013 Jaan T\u00e4tte \u201e\u00c4ratund\u201c, kaasategev ansambel \u201eUdupasun\u201c koosseisus C\u00e4tlin Jago, Silver Sepp, Martti T\u00e4rn, Paul Daniel. Kontsert toimus Peetri kirikus 7.12.2012.<\/p><p>11.04.2012 toimus\u00a0<strong>Aune Pasti\u00a0raamatu \u201ePrintsi poole teel. Minu unistus Monacost\u201c esitlus ning heategevuslik<\/strong>\u00a0raamatuoksjon Tartu Koolinoorte Arengufondi toetuseks, kus annetati 432 eurot osalejate poolt:<\/p><ul><li>Heete Koni<\/li><li>Helju P\u00f5llum\u00e4e<\/li><li>Tea Taliaru<\/li><li>Annela Salk<\/li><li>Lea Loodmaa<\/li><li>Eva Kams<\/li><li>Tiina Grauberg<\/li><li>Tiia Karelson<\/li><li>Anneli Kolk<\/li><li>Anu Reinart<\/li><li>Triin Anette Kaasik<\/li><li>Ragnar Heido<\/li><\/ul><h3><b>2011. aastal laekunud annetused kokku \u00a0summas 2 953,09 eurot:<\/b><\/h3><ul><li>Annetustelefonide tulu kokku 790,15 \u20ac<\/li><li>Fashionoutlet O\u00dc<\/li><li>Tartu Hansa Rotary Klubi<\/li><\/ul><p><strong>\u00a0Anu Reinarti juubeliga seoses laekus septembris 2011 koolinoorte fondi\u00a0865 eurot:<\/strong><\/p><ul><li>Ave Dahlqvist<\/li><li>Katrin Kaarna<\/li><li>Eve Moor<\/li><li>Tea Taliaru<\/li><li>Helgi Arst<\/li><li>Reet Kinks<\/li><li>Aive Kalinina<\/li><li>K\u00fclli Paasik<\/li><li>Toivo T\u00f5nson<\/li><li>Silver L\u00e4tt<\/li><li>Sirje Ginter<\/li><li>Aune Past<\/li><li>\u00dclle Koppel<\/li><li>J\u00fcri Reinp\u00f5ld<\/li><li>Lea Tuvikene<\/li><li>Peeter N\u00f5ges<\/li><li>Tiit Kutser<\/li><\/ul><h3><strong>2010. aastal laekunud annetused kokku summas 16 307,42 krooni:<\/strong><\/h3><ul><li>Annetustelefonide tulu kokku 3 575,42 kr<\/li><li>Fashionoutlet O\u00dc<\/li><li>Kogutud annetused (oksjon)<\/li><\/ul><h3><strong>\u00a02009. aastal laekunud annetused kokku summas 53 293,92 krooni:<\/strong><\/h3><ul><li>Annetustelefonide tulu kokku 12 593,92 kr<\/li><li>Reet Kinks<\/li><li>\u00dclle Koppel<\/li><li>Aune Past<\/li><li>Tartu Toome Rotary Klubi<\/li><li>Fashionoutlet O\u00dc<\/li><\/ul><h3>Klubi 3. Charteril 8. m\u00e4rtsil 2008 Cantervilla Lossis annetati l\u00f5busal oksjonil 8825 krooni osalejate poolt:<\/h3><ul><li>Tiit Moor<\/li><li>Tea Taliaru<\/li><li>Sirje Nilson<\/li><li>\u00dclle Koppel<\/li><li>Teet Kallasvee<\/li><li>Annela Salk<\/li><li>Aune Past<\/li><li>Reet Kinks<\/li><li>Jaak Ungerson<\/li><li>Marika Hanson<\/li><li>Urmas Past<\/li><li>T\u00f5nu<\/li><li>Monika Tuuling<\/li><li>Margus V\u00e4rton<\/li><li>Sigrid Saluri<\/li><\/ul><h3>Klubiliikmete maalide oksjonil 14. oktoobril 2006 Haapsalus 29500 kr:<\/h3><ul><li><strong>Tiit Nilson<\/strong>, Tartu RK<\/li><li><strong>Eero Rantanen<\/strong>, K\u00fcrosj\u00e4rvi RK<\/li><li><strong>Jaak Ungerson<\/strong>, Tallinna RK<\/li><li><strong>Arne Taal<\/strong>, Haapsalu RK<\/li><\/ul><h3>Klubiliikmete maalide oksjonil 11. veebruaril 2006 Tartus 41000 kr:<\/h3><ul><li><strong>Arnold Kimber<\/strong>,\u00a0Tallinna RK<\/li><li><strong>\u00a0Urmas Kaarlep,<\/strong>\u00a0Tallinna RK<\/li><li><strong>Allan Moor<\/strong><\/li><li><strong>Aune Past<\/strong>, Tartu Hansa RK<\/li><li><strong>Tarvo Moss<\/strong><\/li><li><strong>Annika Raudva<\/strong><\/li><\/ul>\t\t\t\t\t\t\t\t<\/div>\n\t\t\t\t<\/div>\n\t\t\t\t\t<\/div>\n\t\t\t\t<\/div>\n\t\t\t\t<\/div>\n\t\t","protected":false},"excerpt":{"rendered":"<p>Heategevuskontsert 2022\u00a0Esines Puuluup, ansambli lauljad Ramo Teder ja Marko Veisson. Kontsert toimus Eesti Rahva Muuseumis 15.01.2022. Heategevuskontsert 2020\u00a0Esines Trio Trifecta koosseisus klassikat\u00e4hed 2018 Tanel-Eiko Novikov (marimba), Ingely Laiv-J\u00e4rvi (oboe), Johannes P\u00f5lda (viiul). Kontsert toimus Tartu Pauluse kirikus 22.02.2020. Heategevus\u00f5htu 2018\u00a0\u201eEesti Vabariigi 100 kaunimat kevadet\u201c koos Kaunimate aastate vennaskonnaga ja Andres Dvinjaninovi juhtimisel 23.03.2018 algusega kell [&hellip;]<\/p>\n","protected":false},"author":1,"featured_media":0,"parent":0,"menu_order":0,"comment_status":"closed","ping_status":"closed","template":"","meta":{"footnotes":""},"class_list":["post-302","page","type-page","status-publish","hentry"],"_links":{"self":[{"href":"https:\/\/hansarotary.ee\/uusleht\/wp-json\/wp\/v2\/pages\/302","targetHints":{"allow":["GET"]}}],"collection":[{"href":"https:\/\/hansarotary.ee\/uusleht\/wp-json\/wp\/v2\/pages"}],"about":[{"href":"https:\/\/hansarotary.ee\/uusleht\/wp-json\/wp\/v2\/types\/page"}],"author":[{"embeddable":true,"href":"https:\/\/hansarotary.ee\/uusleht\/wp-json\/wp\/v2\/users\/1"}],"replies":[{"embeddable":true,"href":"https:\/\/hansarotary.ee\/uusleht\/wp-json\/wp\/v2\/comments?post=302"}],"version-history":[{"count":3,"href":"https:\/\/hansarotary.ee\/uusleht\/wp-json\/wp\/v2\/pages\/302\/revisions"}],"predecessor-version":[{"id":305,"href":"https:\/\/hansarotary.ee\/uusleht\/wp-json\/wp\/v2\/pages\/302\/revisions\/305"}],"wp:attachment":[{"href":"https:\/\/hansarotary.ee\/uusleht\/wp-json\/wp\/v2\/media?parent=302"}],"curies":[{"name":"wp","href":"https:\/\/api.w.org\/{rel}","templated":true}]}}